{"id":21247131,"date":"2024-10-14T16:03:14","date_gmt":"2024-10-14T14:03:14","guid":{"rendered":"https:\/\/www.idf-evenements.com\/?post_type=cas-client&#038;p=21247131"},"modified":"2026-03-03T12:48:19","modified_gmt":"2026-03-03T11:48:19","slug":"cfc-diner-gala-bnf-richelieu","status":"publish","type":"cas-client","link":"https:\/\/www.idf-evenements.com\/en\/references\/cfc-diner-gala-bnf-richelieu\/","title":{"rendered":"D\u00eener de gala au sein de la BNF Richelieu"},"content":{"rendered":"<p>Nous sommes tr\u00e8s heureux d&#8217;accompagner depuis de nombreuses ann\u00e9es le Comit\u00e9 France Chine dans l&#8217;organisation de leurs \u00e9v\u00e9nements. D\u00e9couvrez en images le d\u00eener de gala que nous avons eu le plaisir d&#8217;organiser il y a quelques jours dans le cadre exceptionnel de la biblioth\u00e8que Nationale de France. Une soir\u00e9e regroupant cocktail dans les jardins de la BNF, discours, animations et d\u00eener gastronomique.<\/p>\n<p>Implications :<\/p>\n<ul>\n<li>Conception \/ Production \/ R\u00e9gie<\/li>\n<li>Restauration, traiteur, personnel, animations culinaires<\/li>\n<li>Animations (visuelles, musicales et participatives)<\/li>\n<li>Technique (conception plan de feu, mat\u00e9riel et personnel)<\/li>\n<li>D\u00e9coration (conception et r\u00e9alisation d&#8217;\u00e9l\u00e9ments de d\u00e9cors)<\/li>\n<li>Captation (photo et vid\u00e9o)<\/li>\n<li>Sc\u00e9nographie<\/li>\n<li>Mobilier<\/li>\n<li>Personnel (accueil, vestiaire, orientation et s\u00e9curit\u00e9)<\/li>\n<\/ul>\n","protected":false},"featured_media":21247146,"template":"","project_category":[],"project_tag":[],"client":[154],"class_list":["post-21247131","cas-client","type-cas-client","status-publish","has-post-thumbnail","hentry","client-comite-france-chine"],"acf":[],"yoast_head":"<!-- This site is optimized with the Yoast SEO plugin v27.5 - https:\/\/yoast.com\/product\/yoast-seo-wordpress\/ -->\n<title>D\u00eener de gala au sein de la BNF Richelieu - IDF \u00e9v\u00e9nements<\/title>\n<meta name=\"robots\" content=\"index, follow, max-snippet:-1, max-image-preview:large, max-video-preview:-1\" \/>\n<link rel=\"canonical\" href=\"https:\/\/www.idf-evenements.com\/en\/references\/cfc-diner-gala-bnf-richelieu\/\" \/>\n<meta property=\"og:locale\" content=\"en_US\" \/>\n<meta property=\"og:type\" content=\"article\" \/>\n<meta property=\"og:title\" content=\"D\u00eener de gala au sein de la BNF Richelieu - IDF \u00e9v\u00e9nements\" \/>\n<meta property=\"og:description\" content=\"Nous sommes tr\u00e8s heureux d&#8217;accompagner depuis de nombreuses ann\u00e9es le Comit\u00e9 France Chine dans l&#8217;organisation de leurs \u00e9v\u00e9nements. D\u00e9couvrez en images le d\u00eener de gala que nous avons eu le plaisir d&#8217;organiser il y a quelques jours dans le cadre exceptionnel de la biblioth\u00e8que Nationale de France. Une soir\u00e9e regroupant cocktail dans les jardins de [&hellip;]\" \/>\n<meta property=\"og:url\" content=\"https:\/\/www.idf-evenements.com\/en\/references\/cfc-diner-gala-bnf-richelieu\/\" \/>\n<meta property=\"og:site_name\" content=\"IDF \u00e9v\u00e9nements\" \/>\n<meta property=\"article:publisher\" content=\"https:\/\/www.facebook.com\/IDFevenements\/\" \/>\n<meta property=\"article:modified_time\" content=\"2026-03-03T11:48:19+00:00\" \/>\n<meta property=\"og:image\" content=\"https:\/\/www.idf-evenements.com\/wp-content\/uploads\/2024\/10\/idf_evenements-cfc-diner-gala-bnf-richelieu-principale-1920.jpg\" \/>\n\t<meta property=\"og:image:width\" content=\"1920\" \/>\n\t<meta property=\"og:image:height\" content=\"1280\" \/>\n\t<meta property=\"og:image:type\" content=\"image\/jpeg\" \/>\n<meta name=\"twitter:card\" content=\"summary_large_image\" \/>\n<meta name=\"twitter:label1\" content=\"Est. reading time\" \/>\n\t<meta name=\"twitter:data1\" content=\"2 minutes\" \/>\n<script type=\"application\/ld+json\" class=\"yoast-schema-graph\">{\"@context\":\"https:\\\/\\\/schema.org\",\"@graph\":[{\"@type\":\"WebPage\",\"@id\":\"https:\\\/\\\/www.idf-evenements.com\\\/en\\\/references\\\/cfc-diner-gala-bnf-richelieu\\\/\",\"url\":\"https:\\\/\\\/www.idf-evenements.com\\\/en\\\/references\\\/cfc-diner-gala-bnf-richelieu\\\/\",\"name\":\"D\u00eener de gala au sein de la BNF Richelieu - IDF \u00e9v\u00e9nements\",\"isPartOf\":{\"@id\":\"https:\\\/\\\/www.idf-evenements.com\\\/en\\\/#website\"},\"primaryImageOfPage\":{\"@id\":\"https:\\\/\\\/www.idf-evenements.com\\\/en\\\/references\\\/cfc-diner-gala-bnf-richelieu\\\/#primaryimage\"},\"image\":{\"@id\":\"https:\\\/\\\/www.idf-evenements.com\\\/en\\\/references\\\/cfc-diner-gala-bnf-richelieu\\\/#primaryimage\"},\"thumbnailUrl\":\"https:\\\/\\\/www.idf-evenements.com\\\/wp-content\\\/uploads\\\/2024\\\/10\\\/idf_evenements-cfc-diner-gala-bnf-richelieu-principale-1920.jpg\",\"datePublished\":\"2024-10-14T14:03:14+00:00\",\"dateModified\":\"2026-03-03T11:48:19+00:00\",\"breadcrumb\":{\"@id\":\"https:\\\/\\\/www.idf-evenements.com\\\/en\\\/references\\\/cfc-diner-gala-bnf-richelieu\\\/#breadcrumb\"},\"inLanguage\":\"en-US\",\"potentialAction\":[{\"@type\":\"ReadAction\",\"target\":[\"https:\\\/\\\/www.idf-evenements.com\\\/en\\\/references\\\/cfc-diner-gala-bnf-richelieu\\\/\"]}]},{\"@type\":\"ImageObject\",\"inLanguage\":\"en-US\",\"@id\":\"https:\\\/\\\/www.idf-evenements.com\\\/en\\\/references\\\/cfc-diner-gala-bnf-richelieu\\\/#primaryimage\",\"url\":\"https:\\\/\\\/www.idf-evenements.com\\\/wp-content\\\/uploads\\\/2024\\\/10\\\/idf_evenements-cfc-diner-gala-bnf-richelieu-principale-1920.jpg\",\"contentUrl\":\"https:\\\/\\\/www.idf-evenements.com\\\/wp-content\\\/uploads\\\/2024\\\/10\\\/idf_evenements-cfc-diner-gala-bnf-richelieu-principale-1920.jpg\",\"width\":1920,\"height\":1280,\"caption\":\"D\u00eener de gala au sein de la BNF Richelieu\"},{\"@type\":\"BreadcrumbList\",\"@id\":\"https:\\\/\\\/www.idf-evenements.com\\\/en\\\/references\\\/cfc-diner-gala-bnf-richelieu\\\/#breadcrumb\",\"itemListElement\":[{\"@type\":\"ListItem\",\"position\":1,\"name\":\"Accueil\",\"item\":\"https:\\\/\\\/www.idf-evenements.com\\\/en\\\/\"},{\"@type\":\"ListItem\",\"position\":2,\"name\":\"D\u00eener de gala au sein de la BNF Richelieu\"}]},{\"@type\":\"WebSite\",\"@id\":\"https:\\\/\\\/www.idf-evenements.com\\\/en\\\/#website\",\"url\":\"https:\\\/\\\/www.idf-evenements.com\\\/en\\\/\",\"name\":\"IDF \u00e9v\u00e9nements\",\"description\":\"Agence \u00e9v\u00e9nementielle haut de gamme \u00e0 Paris\",\"publisher\":{\"@id\":\"https:\\\/\\\/www.idf-evenements.com\\\/en\\\/#organization\"},\"potentialAction\":[{\"@type\":\"SearchAction\",\"target\":{\"@type\":\"EntryPoint\",\"urlTemplate\":\"https:\\\/\\\/www.idf-evenements.com\\\/en\\\/?s={search_term_string}\"},\"query-input\":{\"@type\":\"PropertyValueSpecification\",\"valueRequired\":true,\"valueName\":\"search_term_string\"}}],\"inLanguage\":\"en-US\"},{\"@type\":\"Organization\",\"@id\":\"https:\\\/\\\/www.idf-evenements.com\\\/en\\\/#organization\",\"name\":\"IDF \u00e9v\u00e9nements\",\"url\":\"https:\\\/\\\/www.idf-evenements.com\\\/en\\\/\",\"logo\":{\"@type\":\"ImageObject\",\"inLanguage\":\"en-US\",\"@id\":\"https:\\\/\\\/www.idf-evenements.com\\\/en\\\/#\\\/schema\\\/logo\\\/image\\\/\",\"url\":\"https:\\\/\\\/www.idf-evenements.com\\\/wp-content\\\/uploads\\\/2022\\\/12\\\/idf_evenements-logo-240.png\",\"contentUrl\":\"https:\\\/\\\/www.idf-evenements.com\\\/wp-content\\\/uploads\\\/2022\\\/12\\\/idf_evenements-logo-240.png\",\"width\":240,\"height\":148,\"caption\":\"IDF \u00e9v\u00e9nements\"},\"image\":{\"@id\":\"https:\\\/\\\/www.idf-evenements.com\\\/en\\\/#\\\/schema\\\/logo\\\/image\\\/\"},\"sameAs\":[\"https:\\\/\\\/www.facebook.com\\\/IDFevenements\\\/\",\"https:\\\/\\\/fr.linkedin.com\\\/company\\\/idf-evenements\",\"https:\\\/\\\/www.instagram.com\\\/agenceidfevenements\\\/\"]}]}<\/script>\n<!-- \/ Yoast SEO plugin. -->","yoast_head_json":{"title":"D\u00eener de gala au sein de la BNF Richelieu - IDF \u00e9v\u00e9nements","robots":{"index":"index","follow":"follow","max-snippet":"max-snippet:-1","max-image-preview":"max-image-preview:large","max-video-preview":"max-video-preview:-1"},"canonical":"https:\/\/www.idf-evenements.com\/en\/references\/cfc-diner-gala-bnf-richelieu\/","og_locale":"en_US","og_type":"article","og_title":"D\u00eener de gala au sein de la BNF Richelieu - IDF \u00e9v\u00e9nements","og_description":"Nous sommes tr\u00e8s heureux d&#8217;accompagner depuis de nombreuses ann\u00e9es le Comit\u00e9 France Chine dans l&#8217;organisation de leurs \u00e9v\u00e9nements. D\u00e9couvrez en images le d\u00eener de gala que nous avons eu le plaisir d&#8217;organiser il y a quelques jours dans le cadre exceptionnel de la biblioth\u00e8que Nationale de France. Une soir\u00e9e regroupant cocktail dans les jardins de [&hellip;]","og_url":"https:\/\/www.idf-evenements.com\/en\/references\/cfc-diner-gala-bnf-richelieu\/","og_site_name":"IDF \u00e9v\u00e9nements","article_publisher":"https:\/\/www.facebook.com\/IDFevenements\/","article_modified_time":"2026-03-03T11:48:19+00:00","og_image":[{"width":1920,"height":1280,"url":"https:\/\/www.idf-evenements.com\/wp-content\/uploads\/2024\/10\/idf_evenements-cfc-diner-gala-bnf-richelieu-principale-1920.jpg","type":"image\/jpeg"}],"twitter_card":"summary_large_image","twitter_misc":{"Est. reading time":"2 minutes"},"schema":{"@context":"https:\/\/schema.org","@graph":[{"@type":"WebPage","@id":"https:\/\/www.idf-evenements.com\/en\/references\/cfc-diner-gala-bnf-richelieu\/","url":"https:\/\/www.idf-evenements.com\/en\/references\/cfc-diner-gala-bnf-richelieu\/","name":"D\u00eener de gala au sein de la BNF Richelieu - IDF \u00e9v\u00e9nements","isPartOf":{"@id":"https:\/\/www.idf-evenements.com\/en\/#website"},"primaryImageOfPage":{"@id":"https:\/\/www.idf-evenements.com\/en\/references\/cfc-diner-gala-bnf-richelieu\/#primaryimage"},"image":{"@id":"https:\/\/www.idf-evenements.com\/en\/references\/cfc-diner-gala-bnf-richelieu\/#primaryimage"},"thumbnailUrl":"https:\/\/www.idf-evenements.com\/wp-content\/uploads\/2024\/10\/idf_evenements-cfc-diner-gala-bnf-richelieu-principale-1920.jpg","datePublished":"2024-10-14T14:03:14+00:00","dateModified":"2026-03-03T11:48:19+00:00","breadcrumb":{"@id":"https:\/\/www.idf-evenements.com\/en\/references\/cfc-diner-gala-bnf-richelieu\/#breadcrumb"},"inLanguage":"en-US","potentialAction":[{"@type":"ReadAction","target":["https:\/\/www.idf-evenements.com\/en\/references\/cfc-diner-gala-bnf-richelieu\/"]}]},{"@type":"ImageObject","inLanguage":"en-US","@id":"https:\/\/www.idf-evenements.com\/en\/references\/cfc-diner-gala-bnf-richelieu\/#primaryimage","url":"https:\/\/www.idf-evenements.com\/wp-content\/uploads\/2024\/10\/idf_evenements-cfc-diner-gala-bnf-richelieu-principale-1920.jpg","contentUrl":"https:\/\/www.idf-evenements.com\/wp-content\/uploads\/2024\/10\/idf_evenements-cfc-diner-gala-bnf-richelieu-principale-1920.jpg","width":1920,"height":1280,"caption":"D\u00eener de gala au sein de la BNF Richelieu"},{"@type":"BreadcrumbList","@id":"https:\/\/www.idf-evenements.com\/en\/references\/cfc-diner-gala-bnf-richelieu\/#breadcrumb","itemListElement":[{"@type":"ListItem","position":1,"name":"Accueil","item":"https:\/\/www.idf-evenements.com\/en\/"},{"@type":"ListItem","position":2,"name":"D\u00eener de gala au sein de la BNF Richelieu"}]},{"@type":"WebSite","@id":"https:\/\/www.idf-evenements.com\/en\/#website","url":"https:\/\/www.idf-evenements.com\/en\/","name":"IDF \u00e9v\u00e9nements","description":"Agence \u00e9v\u00e9nementielle haut de gamme \u00e0 Paris","publisher":{"@id":"https:\/\/www.idf-evenements.com\/en\/#organization"},"potentialAction":[{"@type":"SearchAction","target":{"@type":"EntryPoint","urlTemplate":"https:\/\/www.idf-evenements.com\/en\/?s={search_term_string}"},"query-input":{"@type":"PropertyValueSpecification","valueRequired":true,"valueName":"search_term_string"}}],"inLanguage":"en-US"},{"@type":"Organization","@id":"https:\/\/www.idf-evenements.com\/en\/#organization","name":"IDF \u00e9v\u00e9nements","url":"https:\/\/www.idf-evenements.com\/en\/","logo":{"@type":"ImageObject","inLanguage":"en-US","@id":"https:\/\/www.idf-evenements.com\/en\/#\/schema\/logo\/image\/","url":"https:\/\/www.idf-evenements.com\/wp-content\/uploads\/2022\/12\/idf_evenements-logo-240.png","contentUrl":"https:\/\/www.idf-evenements.com\/wp-content\/uploads\/2022\/12\/idf_evenements-logo-240.png","width":240,"height":148,"caption":"IDF \u00e9v\u00e9nements"},"image":{"@id":"https:\/\/www.idf-evenements.com\/en\/#\/schema\/logo\/image\/"},"sameAs":["https:\/\/www.facebook.com\/IDFevenements\/","https:\/\/fr.linkedin.com\/company\/idf-evenements","https:\/\/www.instagram.com\/agenceidfevenements\/"]}]}},"_links":{"self":[{"href":"https:\/\/www.idf-evenements.com\/en\/wp-json\/wp\/v2\/cas-client\/21247131","targetHints":{"allow":["GET"]}}],"collection":[{"href":"https:\/\/www.idf-evenements.com\/en\/wp-json\/wp\/v2\/cas-client"}],"about":[{"href":"https:\/\/www.idf-evenements.com\/en\/wp-json\/wp\/v2\/types\/cas-client"}],"wp:featuredmedia":[{"embeddable":true,"href":"https:\/\/www.idf-evenements.com\/en\/wp-json\/wp\/v2\/media\/21247146"}],"wp:attachment":[{"href":"https:\/\/www.idf-evenements.com\/en\/wp-json\/wp\/v2\/media?parent=21247131"}],"wp:term":[{"taxonomy":"project_category","embeddable":true,"href":"https:\/\/www.idf-evenements.com\/en\/wp-json\/wp\/v2\/project_category?post=21247131"},{"taxonomy":"project_tag","embeddable":true,"href":"https:\/\/www.idf-evenements.com\/en\/wp-json\/wp\/v2\/project_tag?post=21247131"},{"taxonomy":"client","embeddable":true,"href":"https:\/\/www.idf-evenements.com\/en\/wp-json\/wp\/v2\/client?post=21247131"}],"curies":[{"name":"wp","href":"https:\/\/api.w.org\/{rel}","templated":true}]}}

Dîner de gala au sein de la BNF Richelieu

<p>Nous sommes très heureux d&#8217;accompagner depuis de nombreuses années le Comité France Chine dans l&#8217;organisation de leurs événements. Découvrez en images le dîner de gala que nous avons eu le plaisir d&#8217;organiser il y a quelques jours dans le cadre exceptionnel de la bibliothèque Nationale de France. Une soirée regroupant cocktail dans les jardins de la BNF, discours, animations et dîner gastronomique.</p>
<p>Implications :</p>
<ul>
<li>Conception / Production / Régie</li>
<li>Restauration, traiteur, personnel, animations culinaires</li>
<li>Animations (visuelles, musicales et participatives)</li>
<li>Technique (conception plan de feu, matériel et personnel)</li>
<li>Décoration (conception et réalisation d&#8217;éléments de décors)</li>
<li>Captation (photo et vidéo)</li>
<li>Scénographie</li>
<li>Mobilier</li>
<li>Personnel (accueil, vestiaire, orientation et sécurité)</li>
</ul>

<!-- This site is optimized with the Yoast SEO plugin v27.5 - https://yoast.com/product/yoast-seo-wordpress/ -->
<title>Dîner de gala au sein de la BNF Richelieu - IDF événements</title>
<meta name="robots" content="index, follow, max-snippet:-1, max-image-preview:large, max-video-preview:-1" />
<link rel="canonical" href="https://www.idf-evenements.com/en/references/cfc-diner-gala-bnf-richelieu/" />
<meta property="og:locale" content="en_US" />
<meta property="og:type" content="article" />
<meta property="og:title" content="Dîner de gala au sein de la BNF Richelieu - IDF événements" />
<meta property="og:description" content="Nous sommes très heureux d&#8217;accompagner depuis de nombreuses années le Comité France Chine dans l&#8217;organisation de leurs événements. Découvrez en images le dîner de gala que nous avons eu le plaisir d&#8217;organiser il y a quelques jours dans le cadre exceptionnel de la bibliothèque Nationale de France. Une soirée regroupant cocktail dans les jardins de [&hellip;]" />
<meta property="og:url" content="https://www.idf-evenements.com/en/references/cfc-diner-gala-bnf-richelieu/" />
<meta property="og:site_name" content="IDF événements" />
<meta property="article:publisher" content="https://www.facebook.com/IDFevenements/" />
<meta property="article:modified_time" content="2026-03-03T11:48:19+00:00" />
<meta property="og:image" content="https://www.idf-evenements.com/wp-content/uploads/2024/10/idf_evenements-cfc-diner-gala-bnf-richelieu-principale-1920.jpg" />
	<meta property="og:image:width" content="1920" />
	<meta property="og:image:height" content="1280" />
	<meta property="og:image:type" content="image/jpeg" />
<meta name="twitter:card" content="summary_large_image" />
<meta name="twitter:label1" content="Est. reading time" />
	<meta name="twitter:data1" content="2 minutes" />
<script type="application/ld+json" class="yoast-schema-graph">{"@context":"https:\/\/schema.org","@graph":[{"@type":"WebPage","@id":"https:\/\/www.idf-evenements.com\/en\/references\/cfc-diner-gala-bnf-richelieu\/","url":"https:\/\/www.idf-evenements.com\/en\/references\/cfc-diner-gala-bnf-richelieu\/","name":"Dîner de gala au sein de la BNF Richelieu - IDF événements","isPartOf":{"@id":"https:\/\/www.idf-evenements.com\/en\/#website"},"primaryImageOfPage":{"@id":"https:\/\/www.idf-evenements.com\/en\/references\/cfc-diner-gala-bnf-richelieu\/#primaryimage"},"image":{"@id":"https:\/\/www.idf-evenements.com\/en\/references\/cfc-diner-gala-bnf-richelieu\/#primaryimage"},"thumbnailUrl":"https:\/\/www.idf-evenements.com\/wp-content\/uploads\/2024\/10\/idf_evenements-cfc-diner-gala-bnf-richelieu-principale-1920.jpg","datePublished":"2024-10-14T14:03:14+00:00","dateModified":"2026-03-03T11:48:19+00:00","breadcrumb":{"@id":"https:\/\/www.idf-evenements.com\/en\/references\/cfc-diner-gala-bnf-richelieu\/#breadcrumb"},"inLanguage":"en-US","potentialAction":[{"@type":"ReadAction","target":["https:\/\/www.idf-evenements.com\/en\/references\/cfc-diner-gala-bnf-richelieu\/"]}]},{"@type":"ImageObject","inLanguage":"en-US","@id":"https:\/\/www.idf-evenements.com\/en\/references\/cfc-diner-gala-bnf-richelieu\/#primaryimage","url":"https:\/\/www.idf-evenements.com\/wp-content\/uploads\/2024\/10\/idf_evenements-cfc-diner-gala-bnf-richelieu-principale-1920.jpg","contentUrl":"https:\/\/www.idf-evenements.com\/wp-content\/uploads\/2024\/10\/idf_evenements-cfc-diner-gala-bnf-richelieu-principale-1920.jpg","width":1920,"height":1280,"caption":"Dîner de gala au sein de la BNF Richelieu"},{"@type":"BreadcrumbList","@id":"https:\/\/www.idf-evenements.com\/en\/references\/cfc-diner-gala-bnf-richelieu\/#breadcrumb","itemListElement":[{"@type":"ListItem","position":1,"name":"Accueil","item":"https:\/\/www.idf-evenements.com\/en\/"},{"@type":"ListItem","position":2,"name":"Dîner de gala au sein de la BNF Richelieu"}]},{"@type":"WebSite","@id":"https:\/\/www.idf-evenements.com\/en\/#website","url":"https:\/\/www.idf-evenements.com\/en\/","name":"IDF événements","description":"Agence événementielle haut de gamme à Paris","publisher":{"@id":"https:\/\/www.idf-evenements.com\/en\/#organization"},"potentialAction":[{"@type":"SearchAction","target":{"@type":"EntryPoint","urlTemplate":"https:\/\/www.idf-evenements.com\/en\/?s={search_term_string}"},"query-input":{"@type":"PropertyValueSpecification","valueRequired":true,"valueName":"search_term_string"}}],"inLanguage":"en-US"},{"@type":"Organization","@id":"https:\/\/www.idf-evenements.com\/en\/#organization","name":"IDF événements","url":"https:\/\/www.idf-evenements.com\/en\/","logo":{"@type":"ImageObject","inLanguage":"en-US","@id":"https:\/\/www.idf-evenements.com\/en\/#\/schema\/logo\/image\/","url":"https:\/\/www.idf-evenements.com\/wp-content\/uploads\/2022\/12\/idf_evenements-logo-240.png","contentUrl":"https:\/\/www.idf-evenements.com\/wp-content\/uploads\/2022\/12\/idf_evenements-logo-240.png","width":240,"height":148,"caption":"IDF événements"},"image":{"@id":"https:\/\/www.idf-evenements.com\/en\/#\/schema\/logo\/image\/"},"sameAs":["https:\/\/www.facebook.com\/IDFevenements\/","https:\/\/fr.linkedin.com\/company\/idf-evenements","https:\/\/www.instagram.com\/agenceidfevenements\/"]}]}</script>
<!-- / Yoast SEO plugin. -->

Dîner de gala au sein de la BNF Richelieu - IDF événements

Nous sommes très heureux d&#8217;accompagner depuis de nombreuses années le Comité France Chine dans l&#8217;organisation de leurs événements. Découvrez en images le dîner de gala que nous avons eu le plaisir d&#8217;organiser il y a quelques jours dans le cadre exceptionnel de la bibliothèque Nationale de France. Une soirée regroupant cocktail dans les jardins de [&hellip;]

IDF événements

Agence événementielle haut de gamme à Paris
