{"id":21248340,"date":"2024-11-10T16:15:12","date_gmt":"2024-11-10T15:15:12","guid":{"rendered":"https:\/\/www.idf-evenements.com\/?post_type=cas-client&#038;p=21248340"},"modified":"2026-03-03T12:57:20","modified_gmt":"2026-03-03T11:57:20","slug":"nicolas-evenement-hotel-particulier-paris","status":"publish","type":"cas-client","link":"https:\/\/www.idf-evenements.com\/en\/references\/nicolas-evenement-hotel-particulier-paris\/","title":{"rendered":"\u00c9v\u00e9nement dans un h\u00f4tel particulier \u00e0 Paris"},"content":{"rendered":"","protected":false},"featured_media":21248526,"template":"","project_category":[],"project_tag":[],"client":[155],"class_list":["post-21248340","cas-client","type-cas-client","status-publish","has-post-thumbnail","hentry","client-nicolas"],"acf":[],"yoast_head":"<!-- This site is optimized with the Yoast SEO plugin v27.5 - https:\/\/yoast.com\/product\/yoast-seo-wordpress\/ -->\n<title>\u00c9v\u00e9nement dans un h\u00f4tel particulier \u00e0 Paris - IDF \u00e9v\u00e9nements<\/title>\n<meta name=\"description\" content=\"H\u00f4tel Particulier Salomon de Rothschild : nous avons eu le plaisir d\u2019organiser un salon professionnel autour du Champagne pour les 500 invit\u00e9s de la maison Nicolas.\u00a0\" \/>\n<meta name=\"robots\" content=\"index, follow, max-snippet:-1, max-image-preview:large, max-video-preview:-1\" \/>\n<link rel=\"canonical\" href=\"https:\/\/www.idf-evenements.com\/en\/references\/nicolas-evenement-hotel-particulier-paris\/\" \/>\n<meta property=\"og:locale\" content=\"en_US\" \/>\n<meta property=\"og:type\" content=\"article\" \/>\n<meta property=\"og:title\" content=\"\u00c9v\u00e9nement dans un h\u00f4tel particulier \u00e0 Paris - IDF \u00e9v\u00e9nements\" \/>\n<meta property=\"og:description\" content=\"H\u00f4tel Particulier Salomon de Rothschild : nous avons eu le plaisir d\u2019organiser un salon professionnel autour du Champagne pour les 500 invit\u00e9s de la maison Nicolas.\u00a0\" \/>\n<meta property=\"og:url\" content=\"https:\/\/www.idf-evenements.com\/en\/references\/nicolas-evenement-hotel-particulier-paris\/\" \/>\n<meta property=\"og:site_name\" content=\"IDF \u00e9v\u00e9nements\" \/>\n<meta property=\"article:publisher\" content=\"https:\/\/www.facebook.com\/IDFevenements\/\" \/>\n<meta property=\"article:modified_time\" content=\"2026-03-03T11:57:20+00:00\" \/>\n<meta property=\"og:image\" content=\"https:\/\/www.idf-evenements.com\/wp-content\/uploads\/2024\/11\/nicolas-evenement-hotel-particulier-3-paris-1.png\" \/>\n\t<meta property=\"og:image:width\" content=\"1920\" \/>\n\t<meta property=\"og:image:height\" content=\"1281\" \/>\n\t<meta property=\"og:image:type\" content=\"image\/png\" \/>\n<meta name=\"twitter:card\" content=\"summary_large_image\" \/>\n<meta name=\"twitter:label1\" content=\"Est. reading time\" \/>\n\t<meta name=\"twitter:data1\" content=\"1 minute\" \/>\n<script type=\"application\/ld+json\" class=\"yoast-schema-graph\">{\"@context\":\"https:\\\/\\\/schema.org\",\"@graph\":[{\"@type\":\"WebPage\",\"@id\":\"https:\\\/\\\/www.idf-evenements.com\\\/en\\\/references\\\/nicolas-evenement-hotel-particulier-paris\\\/\",\"url\":\"https:\\\/\\\/www.idf-evenements.com\\\/en\\\/references\\\/nicolas-evenement-hotel-particulier-paris\\\/\",\"name\":\"\u00c9v\u00e9nement dans un h\u00f4tel particulier \u00e0 Paris - IDF \u00e9v\u00e9nements\",\"isPartOf\":{\"@id\":\"https:\\\/\\\/www.idf-evenements.com\\\/en\\\/#website\"},\"primaryImageOfPage\":{\"@id\":\"https:\\\/\\\/www.idf-evenements.com\\\/en\\\/references\\\/nicolas-evenement-hotel-particulier-paris\\\/#primaryimage\"},\"image\":{\"@id\":\"https:\\\/\\\/www.idf-evenements.com\\\/en\\\/references\\\/nicolas-evenement-hotel-particulier-paris\\\/#primaryimage\"},\"thumbnailUrl\":\"https:\\\/\\\/www.idf-evenements.com\\\/wp-content\\\/uploads\\\/2024\\\/11\\\/nicolas-evenement-hotel-particulier-3-paris-1.png\",\"datePublished\":\"2024-11-10T15:15:12+00:00\",\"dateModified\":\"2026-03-03T11:57:20+00:00\",\"description\":\"H\u00f4tel Particulier Salomon de Rothschild : nous avons eu le plaisir d\u2019organiser un salon professionnel autour du Champagne pour les 500 invit\u00e9s de la maison Nicolas.\u00a0\",\"breadcrumb\":{\"@id\":\"https:\\\/\\\/www.idf-evenements.com\\\/en\\\/references\\\/nicolas-evenement-hotel-particulier-paris\\\/#breadcrumb\"},\"inLanguage\":\"en-US\",\"potentialAction\":[{\"@type\":\"ReadAction\",\"target\":[\"https:\\\/\\\/www.idf-evenements.com\\\/en\\\/references\\\/nicolas-evenement-hotel-particulier-paris\\\/\"]}]},{\"@type\":\"ImageObject\",\"inLanguage\":\"en-US\",\"@id\":\"https:\\\/\\\/www.idf-evenements.com\\\/en\\\/references\\\/nicolas-evenement-hotel-particulier-paris\\\/#primaryimage\",\"url\":\"https:\\\/\\\/www.idf-evenements.com\\\/wp-content\\\/uploads\\\/2024\\\/11\\\/nicolas-evenement-hotel-particulier-3-paris-1.png\",\"contentUrl\":\"https:\\\/\\\/www.idf-evenements.com\\\/wp-content\\\/uploads\\\/2024\\\/11\\\/nicolas-evenement-hotel-particulier-3-paris-1.png\",\"width\":1920,\"height\":1281,\"caption\":\"\u00c9v\u00e9nement de derni\u00e8re minute : comment pr\u00e9server la qualit\u00e9 ?\"},{\"@type\":\"BreadcrumbList\",\"@id\":\"https:\\\/\\\/www.idf-evenements.com\\\/en\\\/references\\\/nicolas-evenement-hotel-particulier-paris\\\/#breadcrumb\",\"itemListElement\":[{\"@type\":\"ListItem\",\"position\":1,\"name\":\"Accueil\",\"item\":\"https:\\\/\\\/www.idf-evenements.com\\\/en\\\/\"},{\"@type\":\"ListItem\",\"position\":2,\"name\":\"\u00c9v\u00e9nement dans un h\u00f4tel particulier \u00e0 Paris\"}]},{\"@type\":\"WebSite\",\"@id\":\"https:\\\/\\\/www.idf-evenements.com\\\/en\\\/#website\",\"url\":\"https:\\\/\\\/www.idf-evenements.com\\\/en\\\/\",\"name\":\"IDF \u00e9v\u00e9nements\",\"description\":\"Agence \u00e9v\u00e9nementielle haut de gamme \u00e0 Paris\",\"publisher\":{\"@id\":\"https:\\\/\\\/www.idf-evenements.com\\\/en\\\/#organization\"},\"potentialAction\":[{\"@type\":\"SearchAction\",\"target\":{\"@type\":\"EntryPoint\",\"urlTemplate\":\"https:\\\/\\\/www.idf-evenements.com\\\/en\\\/?s={search_term_string}\"},\"query-input\":{\"@type\":\"PropertyValueSpecification\",\"valueRequired\":true,\"valueName\":\"search_term_string\"}}],\"inLanguage\":\"en-US\"},{\"@type\":\"Organization\",\"@id\":\"https:\\\/\\\/www.idf-evenements.com\\\/en\\\/#organization\",\"name\":\"IDF \u00e9v\u00e9nements\",\"url\":\"https:\\\/\\\/www.idf-evenements.com\\\/en\\\/\",\"logo\":{\"@type\":\"ImageObject\",\"inLanguage\":\"en-US\",\"@id\":\"https:\\\/\\\/www.idf-evenements.com\\\/en\\\/#\\\/schema\\\/logo\\\/image\\\/\",\"url\":\"https:\\\/\\\/www.idf-evenements.com\\\/wp-content\\\/uploads\\\/2022\\\/12\\\/idf_evenements-logo-240.png\",\"contentUrl\":\"https:\\\/\\\/www.idf-evenements.com\\\/wp-content\\\/uploads\\\/2022\\\/12\\\/idf_evenements-logo-240.png\",\"width\":240,\"height\":148,\"caption\":\"IDF \u00e9v\u00e9nements\"},\"image\":{\"@id\":\"https:\\\/\\\/www.idf-evenements.com\\\/en\\\/#\\\/schema\\\/logo\\\/image\\\/\"},\"sameAs\":[\"https:\\\/\\\/www.facebook.com\\\/IDFevenements\\\/\",\"https:\\\/\\\/fr.linkedin.com\\\/company\\\/idf-evenements\",\"https:\\\/\\\/www.instagram.com\\\/agenceidfevenements\\\/\"]}]}<\/script>\n<!-- \/ Yoast SEO plugin. -->","yoast_head_json":{"title":"\u00c9v\u00e9nement dans un h\u00f4tel particulier \u00e0 Paris - IDF \u00e9v\u00e9nements","description":"H\u00f4tel Particulier Salomon de Rothschild : nous avons eu le plaisir d\u2019organiser un salon professionnel autour du Champagne pour les 500 invit\u00e9s de la maison Nicolas.\u00a0","robots":{"index":"index","follow":"follow","max-snippet":"max-snippet:-1","max-image-preview":"max-image-preview:large","max-video-preview":"max-video-preview:-1"},"canonical":"https:\/\/www.idf-evenements.com\/en\/references\/nicolas-evenement-hotel-particulier-paris\/","og_locale":"en_US","og_type":"article","og_title":"\u00c9v\u00e9nement dans un h\u00f4tel particulier \u00e0 Paris - IDF \u00e9v\u00e9nements","og_description":"H\u00f4tel Particulier Salomon de Rothschild : nous avons eu le plaisir d\u2019organiser un salon professionnel autour du Champagne pour les 500 invit\u00e9s de la maison Nicolas.\u00a0","og_url":"https:\/\/www.idf-evenements.com\/en\/references\/nicolas-evenement-hotel-particulier-paris\/","og_site_name":"IDF \u00e9v\u00e9nements","article_publisher":"https:\/\/www.facebook.com\/IDFevenements\/","article_modified_time":"2026-03-03T11:57:20+00:00","og_image":[{"width":1920,"height":1281,"url":"https:\/\/www.idf-evenements.com\/wp-content\/uploads\/2024\/11\/nicolas-evenement-hotel-particulier-3-paris-1.png","type":"image\/png"}],"twitter_card":"summary_large_image","twitter_misc":{"Est. reading time":"1 minute"},"schema":{"@context":"https:\/\/schema.org","@graph":[{"@type":"WebPage","@id":"https:\/\/www.idf-evenements.com\/en\/references\/nicolas-evenement-hotel-particulier-paris\/","url":"https:\/\/www.idf-evenements.com\/en\/references\/nicolas-evenement-hotel-particulier-paris\/","name":"\u00c9v\u00e9nement dans un h\u00f4tel particulier \u00e0 Paris - IDF \u00e9v\u00e9nements","isPartOf":{"@id":"https:\/\/www.idf-evenements.com\/en\/#website"},"primaryImageOfPage":{"@id":"https:\/\/www.idf-evenements.com\/en\/references\/nicolas-evenement-hotel-particulier-paris\/#primaryimage"},"image":{"@id":"https:\/\/www.idf-evenements.com\/en\/references\/nicolas-evenement-hotel-particulier-paris\/#primaryimage"},"thumbnailUrl":"https:\/\/www.idf-evenements.com\/wp-content\/uploads\/2024\/11\/nicolas-evenement-hotel-particulier-3-paris-1.png","datePublished":"2024-11-10T15:15:12+00:00","dateModified":"2026-03-03T11:57:20+00:00","description":"H\u00f4tel Particulier Salomon de Rothschild : nous avons eu le plaisir d\u2019organiser un salon professionnel autour du Champagne pour les 500 invit\u00e9s de la maison Nicolas.\u00a0","breadcrumb":{"@id":"https:\/\/www.idf-evenements.com\/en\/references\/nicolas-evenement-hotel-particulier-paris\/#breadcrumb"},"inLanguage":"en-US","potentialAction":[{"@type":"ReadAction","target":["https:\/\/www.idf-evenements.com\/en\/references\/nicolas-evenement-hotel-particulier-paris\/"]}]},{"@type":"ImageObject","inLanguage":"en-US","@id":"https:\/\/www.idf-evenements.com\/en\/references\/nicolas-evenement-hotel-particulier-paris\/#primaryimage","url":"https:\/\/www.idf-evenements.com\/wp-content\/uploads\/2024\/11\/nicolas-evenement-hotel-particulier-3-paris-1.png","contentUrl":"https:\/\/www.idf-evenements.com\/wp-content\/uploads\/2024\/11\/nicolas-evenement-hotel-particulier-3-paris-1.png","width":1920,"height":1281,"caption":"\u00c9v\u00e9nement de derni\u00e8re minute : comment pr\u00e9server la qualit\u00e9 ?"},{"@type":"BreadcrumbList","@id":"https:\/\/www.idf-evenements.com\/en\/references\/nicolas-evenement-hotel-particulier-paris\/#breadcrumb","itemListElement":[{"@type":"ListItem","position":1,"name":"Accueil","item":"https:\/\/www.idf-evenements.com\/en\/"},{"@type":"ListItem","position":2,"name":"\u00c9v\u00e9nement dans un h\u00f4tel particulier \u00e0 Paris"}]},{"@type":"WebSite","@id":"https:\/\/www.idf-evenements.com\/en\/#website","url":"https:\/\/www.idf-evenements.com\/en\/","name":"IDF \u00e9v\u00e9nements","description":"Agence \u00e9v\u00e9nementielle haut de gamme \u00e0 Paris","publisher":{"@id":"https:\/\/www.idf-evenements.com\/en\/#organization"},"potentialAction":[{"@type":"SearchAction","target":{"@type":"EntryPoint","urlTemplate":"https:\/\/www.idf-evenements.com\/en\/?s={search_term_string}"},"query-input":{"@type":"PropertyValueSpecification","valueRequired":true,"valueName":"search_term_string"}}],"inLanguage":"en-US"},{"@type":"Organization","@id":"https:\/\/www.idf-evenements.com\/en\/#organization","name":"IDF \u00e9v\u00e9nements","url":"https:\/\/www.idf-evenements.com\/en\/","logo":{"@type":"ImageObject","inLanguage":"en-US","@id":"https:\/\/www.idf-evenements.com\/en\/#\/schema\/logo\/image\/","url":"https:\/\/www.idf-evenements.com\/wp-content\/uploads\/2022\/12\/idf_evenements-logo-240.png","contentUrl":"https:\/\/www.idf-evenements.com\/wp-content\/uploads\/2022\/12\/idf_evenements-logo-240.png","width":240,"height":148,"caption":"IDF \u00e9v\u00e9nements"},"image":{"@id":"https:\/\/www.idf-evenements.com\/en\/#\/schema\/logo\/image\/"},"sameAs":["https:\/\/www.facebook.com\/IDFevenements\/","https:\/\/fr.linkedin.com\/company\/idf-evenements","https:\/\/www.instagram.com\/agenceidfevenements\/"]}]}},"_links":{"self":[{"href":"https:\/\/www.idf-evenements.com\/en\/wp-json\/wp\/v2\/cas-client\/21248340","targetHints":{"allow":["GET"]}}],"collection":[{"href":"https:\/\/www.idf-evenements.com\/en\/wp-json\/wp\/v2\/cas-client"}],"about":[{"href":"https:\/\/www.idf-evenements.com\/en\/wp-json\/wp\/v2\/types\/cas-client"}],"wp:featuredmedia":[{"embeddable":true,"href":"https:\/\/www.idf-evenements.com\/en\/wp-json\/wp\/v2\/media\/21248526"}],"wp:attachment":[{"href":"https:\/\/www.idf-evenements.com\/en\/wp-json\/wp\/v2\/media?parent=21248340"}],"wp:term":[{"taxonomy":"project_category","embeddable":true,"href":"https:\/\/www.idf-evenements.com\/en\/wp-json\/wp\/v2\/project_category?post=21248340"},{"taxonomy":"project_tag","embeddable":true,"href":"https:\/\/www.idf-evenements.com\/en\/wp-json\/wp\/v2\/project_tag?post=21248340"},{"taxonomy":"client","embeddable":true,"href":"https:\/\/www.idf-evenements.com\/en\/wp-json\/wp\/v2\/client?post=21248340"}],"curies":[{"name":"wp","href":"https:\/\/api.w.org\/{rel}","templated":true}]}}

Événement dans un hôtel particulier à Paris

<!-- This site is optimized with the Yoast SEO plugin v27.5 - https://yoast.com/product/yoast-seo-wordpress/ -->
<title>Événement dans un hôtel particulier à Paris - IDF événements</title>
<meta name="description" content="Hôtel Particulier Salomon de Rothschild : nous avons eu le plaisir d’organiser un salon professionnel autour du Champagne pour les 500 invités de la maison Nicolas. " />
<meta name="robots" content="index, follow, max-snippet:-1, max-image-preview:large, max-video-preview:-1" />
<link rel="canonical" href="https://www.idf-evenements.com/en/references/nicolas-evenement-hotel-particulier-paris/" />
<meta property="og:locale" content="en_US" />
<meta property="og:type" content="article" />
<meta property="og:title" content="Événement dans un hôtel particulier à Paris - IDF événements" />
<meta property="og:description" content="Hôtel Particulier Salomon de Rothschild : nous avons eu le plaisir d’organiser un salon professionnel autour du Champagne pour les 500 invités de la maison Nicolas. " />
<meta property="og:url" content="https://www.idf-evenements.com/en/references/nicolas-evenement-hotel-particulier-paris/" />
<meta property="og:site_name" content="IDF événements" />
<meta property="article:publisher" content="https://www.facebook.com/IDFevenements/" />
<meta property="article:modified_time" content="2026-03-03T11:57:20+00:00" />
<meta property="og:image" content="https://www.idf-evenements.com/wp-content/uploads/2024/11/nicolas-evenement-hotel-particulier-3-paris-1.png" />
	<meta property="og:image:width" content="1920" />
	<meta property="og:image:height" content="1281" />
	<meta property="og:image:type" content="image/png" />
<meta name="twitter:card" content="summary_large_image" />
<meta name="twitter:label1" content="Est. reading time" />
	<meta name="twitter:data1" content="1 minute" />
<script type="application/ld+json" class="yoast-schema-graph">{"@context":"https:\/\/schema.org","@graph":[{"@type":"WebPage","@id":"https:\/\/www.idf-evenements.com\/en\/references\/nicolas-evenement-hotel-particulier-paris\/","url":"https:\/\/www.idf-evenements.com\/en\/references\/nicolas-evenement-hotel-particulier-paris\/","name":"Événement dans un hôtel particulier à Paris - IDF événements","isPartOf":{"@id":"https:\/\/www.idf-evenements.com\/en\/#website"},"primaryImageOfPage":{"@id":"https:\/\/www.idf-evenements.com\/en\/references\/nicolas-evenement-hotel-particulier-paris\/#primaryimage"},"image":{"@id":"https:\/\/www.idf-evenements.com\/en\/references\/nicolas-evenement-hotel-particulier-paris\/#primaryimage"},"thumbnailUrl":"https:\/\/www.idf-evenements.com\/wp-content\/uploads\/2024\/11\/nicolas-evenement-hotel-particulier-3-paris-1.png","datePublished":"2024-11-10T15:15:12+00:00","dateModified":"2026-03-03T11:57:20+00:00","description":"Hôtel Particulier Salomon de Rothschild : nous avons eu le plaisir d’organiser un salon professionnel autour du Champagne pour les 500 invités de la maison Nicolas. ","breadcrumb":{"@id":"https:\/\/www.idf-evenements.com\/en\/references\/nicolas-evenement-hotel-particulier-paris\/#breadcrumb"},"inLanguage":"en-US","potentialAction":[{"@type":"ReadAction","target":["https:\/\/www.idf-evenements.com\/en\/references\/nicolas-evenement-hotel-particulier-paris\/"]}]},{"@type":"ImageObject","inLanguage":"en-US","@id":"https:\/\/www.idf-evenements.com\/en\/references\/nicolas-evenement-hotel-particulier-paris\/#primaryimage","url":"https:\/\/www.idf-evenements.com\/wp-content\/uploads\/2024\/11\/nicolas-evenement-hotel-particulier-3-paris-1.png","contentUrl":"https:\/\/www.idf-evenements.com\/wp-content\/uploads\/2024\/11\/nicolas-evenement-hotel-particulier-3-paris-1.png","width":1920,"height":1281,"caption":"Événement de dernière minute : comment préserver la qualité ?"},{"@type":"BreadcrumbList","@id":"https:\/\/www.idf-evenements.com\/en\/references\/nicolas-evenement-hotel-particulier-paris\/#breadcrumb","itemListElement":[{"@type":"ListItem","position":1,"name":"Accueil","item":"https:\/\/www.idf-evenements.com\/en\/"},{"@type":"ListItem","position":2,"name":"Événement dans un hôtel particulier à Paris"}]},{"@type":"WebSite","@id":"https:\/\/www.idf-evenements.com\/en\/#website","url":"https:\/\/www.idf-evenements.com\/en\/","name":"IDF événements","description":"Agence événementielle haut de gamme à Paris","publisher":{"@id":"https:\/\/www.idf-evenements.com\/en\/#organization"},"potentialAction":[{"@type":"SearchAction","target":{"@type":"EntryPoint","urlTemplate":"https:\/\/www.idf-evenements.com\/en\/?s={search_term_string}"},"query-input":{"@type":"PropertyValueSpecification","valueRequired":true,"valueName":"search_term_string"}}],"inLanguage":"en-US"},{"@type":"Organization","@id":"https:\/\/www.idf-evenements.com\/en\/#organization","name":"IDF événements","url":"https:\/\/www.idf-evenements.com\/en\/","logo":{"@type":"ImageObject","inLanguage":"en-US","@id":"https:\/\/www.idf-evenements.com\/en\/#\/schema\/logo\/image\/","url":"https:\/\/www.idf-evenements.com\/wp-content\/uploads\/2022\/12\/idf_evenements-logo-240.png","contentUrl":"https:\/\/www.idf-evenements.com\/wp-content\/uploads\/2022\/12\/idf_evenements-logo-240.png","width":240,"height":148,"caption":"IDF événements"},"image":{"@id":"https:\/\/www.idf-evenements.com\/en\/#\/schema\/logo\/image\/"},"sameAs":["https:\/\/www.facebook.com\/IDFevenements\/","https:\/\/fr.linkedin.com\/company\/idf-evenements","https:\/\/www.instagram.com\/agenceidfevenements\/"]}]}</script>
<!-- / Yoast SEO plugin. -->

Événement dans un hôtel particulier à Paris - IDF événements

Hôtel Particulier Salomon de Rothschild : nous avons eu le plaisir d’organiser un salon professionnel autour du Champagne pour les 500 invités de la maison Nicolas.

IDF événements

Événement de dernière minute : comment préserver la qualité ?

Agence événementielle haut de gamme à Paris
